19171?
34
Calculate the remainder when 507592 is divided by 497.
155
What is the remainder when 1265553 is divided by 29?
22
What is the remainder when 33095 is divided by 1697?
852
Calculate the remainder when 948835 is divided by 6244.
5991
Calculate the remainder when 100776 is divided by 32305.
3861
Calculate the remainder when 5584147 is divided by 516.
511
What is the remainder when 891236 is divided by 155?
141
What is the remainder when 130234524 is divided by 59?
48
What is the remainder when 46145364 is divided by 8962?
26
Calculate the remainder when 280675 is divided by 6844.
71
What is the remainder when 1016623 is divided by 11657?
2464
What is the remainder when 2738848 is divided by 2274?
952
What is the remainder when 6619506 is divided by 17939?
15
What is the remainder when 133275 is divided by 242?
175
Calculate the remainder when 6295 is divided by 766.
167
Calculate the remainder when 93002 is divided by 4953.
3848
What is the remainder when 151582 is divided by 37882?
54
What is the remainder when 1189481 is divided by 12525?
12131
Calculate the remainder when 61223266 is divided by 61223265.
1
Calculate the remainder when 3386349 is divided by 886.
57
What is the remainder when 800682 is divided by 2390?
32
What is the remainder when 22318231 is divided by 31?
29
Calculate the remainder when 5415821 is divided by 54.
53
Calculate the remainder when 219107146 is divided by 1014.
1012
Calculate the remainder when 381045 is divided by 126974.
123
Calculate the remainder when 15008418 is divided by 8.
2
What is the remainder when 1802118 is divided by 75088?
6
What is the remainder when 60016205 is divided by 20005396?
17
Calculate the remainder when 731121 is divided by 1361.
264
What is the remainder when 834417 is divided by 416948?
521
What is the remainder when 1754980 is divided by 1476?
16
What is the remainder when 390767 is divided by 2945?
2027
What is the remainder when 218633 is divided by 1585?
1488
Calculate the remainder when 20091370 is divided by 658.
656
What is the remainder when 1348591 is divided by 315?
76
What is the remainder when 27690614 is divided by 122?
30
What is the remainder when 441222 is divided by 73522?
90
What is the remainder when 498127901 is divided by 15?
11
What is the remainder when 240790802 is divided by 80263597?
11
What is the remainder when 3996257 is divided by 799244?
37
What is the remainder when 5538666 is divided by 1112?
906
What is the remainder when 20395881 is divided by 252?
9
Calculate the remainder when 189008 is divided by 51.
2
What is the remainder when 638028 is divided by 88?
28
Calculate the remainder when 52148615 is divided by 926.
925
Calculate the remainder when 4973150 is divided by 516.
458
Calculate the remainder when 75733388 is divided by 24.
20
What is the remainder when 5683536 is divided by 14?
12
What is the remainder when 715194 is divided by 1762?
1584
Calculate the remainder when 96893 is divided by 1999.
941
What is the remainder when 72119 is divided by 14335?
444
Calculate the remainder when 5014087 is divided by 2507023.
41
What is the remainder when 145480 is divided by 145223?
257
What is the remainder when 13824 is divided by 4530?
234
Calculate the remainder when 999027 is divided by 333001.
24
Calculate the remainder when 95974629 is divided by 117.
114
Calculate the remainder when 195423 is divided by 2100.
123
Calculate the remainder when 45630525 is divided by 6518646.
3
Calculate the remainder when 3413667 is divided by 169.
36
Calculate the remainder when 40528672 is divided by 275.
272
Calculate the remainder when 91097 is divided by 179.
165
What is the remainder when 1596958 is divided by 433?
54
What is the remainder when 360167 is divided by 1499?
407
What is the remainder when 169559 is divided by 56323?
590
Calculate the remainder when 33558125 is divided by 4894.
4861
What is the remainder when 21844813 is divided by 16765?
18
What is the remainder when 133006817 is divided by 203?
202
Calculate the remainder when 20878258 is divided by 852.
850
Calculate the remainder when 94972456 is divided by 573.
571
Calculate the remainder when 24723 is divided by 5824.
1427
Calculate the remainder when 3502175 is divided by 2456.
2375
What is the remainder when 244144 is divided by 7627?
80
Calculate the remainder when 286264 is divided by 16591.
4217
What is the remainder when 11311 is divided by 657?
142
Calculate the remainder when 57346185 is divided by 12.
9
Calculate the remainder when 53314 is divided by 2132.
14
Calculate the remainder when 18206390 is divided by 3705.
20
What is the remainder when 557595 is divided by 1507?
5
What is the remainder when 299052798 is divided by 50?
48
Calculate the remainder when 221966631 is divided by 677.
672
What is the remainder when 858246 is divided by 7463?
1
Calculate the remainder when 32553493 is divided by 75008.
21
Calculate the remainder when 2198865 is divided by 1630.
1625
What is the remainder when 4995022 is divided by 234?
58
Calculate the remainder when 312859 is divided by 12030.
79
What is the remainder when 243340 is divided by 8388?
88
Calculate the remainder when 159150626 is divided by 182.
180
What is the remainder when 59197475 is divided by 14799367?
7
Calculate the remainder when 6327222 is divided by 31.
29
Calculate the remainder when 2018902 is divided by 14.
4
Calculate the remainder when 93693502 is divided by 712.
710
What is the remainder when 811150 is divided by 811076?
74
What is the remainder when 26289 is divided by 6556?
65
What is the remainder when 327276 is divided by 321?
177
What is the remainder when 406396378 is divided by 45?
28
Calculate the remainder when 3187324 is divided by 9057.
8317
What is the remainder when 36181 is divided by 11626?
1303
Calculate the remainder when 436244 is divided by 1824.
308
What is the remainder when 361932 is divided by 9780?
72
What is the remainder when 5423582 is divided by 43044?
38
What is the remainder when 441881 is divided by 2612?
453
Calculate the remainder when 22167398 is divided by 305.
303
What is the remainder when 13085245 is divided by 250?
245
What is the remainder when 3679153 is divided by 90?
43
Calculate the remainder when 9011872 is divided by 14871.
46
What is the remainder when 3972670 is divided by 3972648?
22
Calculate the remainder when 1667655 is divided by 2752.
2695
What is the remainder when 68034326 is divided by 135?
131
What is the remainder when 5302412 is divided by 1489?
83
What is the remainder when 76535 is divided by 23519?
5978
Calculate the remainder when 24698305 is divided by 4939660.
5
What is the remainder when 1957733 is divided by 4139?
4125
What is the remainder when 1210797 is divided by 342?
117
What is the remainder when 2099798 is divided by 526?
6
Calculate the remainder when 12240330 is divided by 48.
42
What is the remainder when 4016769 is divided by 1020?
9
What is the remainder when 1523563 is divided by 4644?
331
Calculate the remainder when 165523 is divided by 212.
163
What is the remainder when 836482 is divided by 83598?
502
What is the remainder when 15631 is divided by 11109?
4522
What is the remainder when 385137 is divided by 450?
387
What is the remainder when 23424151 is divided by 160?
151
Calculate the remainder when 1133832 is divided by 19545.
222
What is the remainder when 6224723 is divided by 2074853?
164
Calculate the remainder when 4667656 is divided by 5118.
40
Calculate the remainder when 91954 is divided by 1244.
1142
Calculate the remainder when 127320212 is divided by 55.
52
Calculate the remainder when 665007 is divided by 137.
9
What is the remainder when 640657 is divided by 609?
598
What is the remainder when 675566 is divided by 1396?
1298
Calculate the remainder when 694715 is divided by 344850.
5015
What is the remainder when 2874749 is divided by 15795?
59
Calculate the remainder when 91747 is divided by 2331.
838
What is the remainder when 104297575 is divided by 2818853?
14
Calculate the remainder when 2587173 is divided by 117598.
17
What is the remainder when 39912233 is divided by 254218?
7
What is the remainder when 249602 is divided by 3296?
2402
Calculate the remainder when 577506693 is divided by 312.
3